514.
2, 3, 419
What are the prime factors of 6507?
3, 241
What are the prime factors of 3701?
3701
What are the prime factors of 713?
23, 31
What are the prime factors of 13071?
3, 4357
List the prime factors of 3502.
2, 17, 103
What are the prime factors of 176891?
11, 13, 1237
List the prime factors of 95645.
5, 11, 37, 47
List the prime factors of 315.
3, 5, 7
List the prime factors of 8621.
37, 233
What are the prime factors of 4611?
3, 29, 53
List the prime factors of 13894.
2, 6947
List the prime factors of 303.
3, 101
List the prime factors of 9248.
2, 17
List the prime factors of 2675.
5, 107
List the prime factors of 72179.
89, 811
What are the prime factors of 60025?
5, 7
What are the prime factors of 482?
2, 241
List the prime factors of 59978.
2, 29989
List the prime factors of 113.
113
What are the prime factors of 6320?
2, 5, 79
List the prime factors of 10072.
2, 1259
What are the prime factors of 1880?
2, 5, 47
What are the prime factors of 69158?
2, 151, 229
List the prime factors of 64.
2
List the prime factors of 164747.
11, 17, 881
What are the prime factors of 211?
211
List the prime factors of 10733.
10733
What are the prime factors of 184?
2, 23
List the prime factors of 19813.
19813
What are the prime factors of 77722?
2, 38861
List the prime factors of 23226.
2, 3, 7, 79
What are the prime factors of 26688?
2, 3, 139
What are the prime factors of 20475?
3, 5, 7, 13
List the prime factors of 1751.
17, 103
List the prime factors of 1585.
5, 317
What are the prime factors of 6940?
2, 5, 347
List the prime factors of 56105.
5, 7, 229
What are the prime factors of 38?
2, 19
List the prime factors of 9809.
17, 577
What are the prime factors of 6257?
6257
What are the prime factors of 4657?
4657
List the prime factors of 4341.
3, 1447
What are the prime factors of 5111?
19, 269
List the prime factors of 14353.
31, 463
List the prime factors of 4588.
2, 31, 37
What are the prime factors of 32999?
32999
List the prime factors of 116182.
2, 11, 5281
What are the prime factors of 37245?
3, 5, 13, 191
What are the prime factors of 2063?
2063
List the prime factors of 3577.
7, 73
List the prime factors of 52180.
2, 5, 2609
List the prime factors of 611.
13, 47
List the prime factors of 889.
7, 127
What are the prime factors of 1664?
2, 13
List the prime factors of 12658.
2, 6329
List the prime factors of 1501.
19, 79
What are the prime factors of 19277?
37, 521
List the prime factors of 1824.
2, 3, 19
List the prime factors of 51114.
2, 3, 7, 1217
What are the prime factors of 3768?
2, 3, 157
What are the prime factors of 10542?
2, 3, 7, 251
What are the prime factors of 22098?
2, 3, 29, 127
What are the prime factors of 6433?
7, 919
What are the prime factors of 1012?
2, 11, 23
List the prime factors of 833.
7, 17
What are the prime factors of 6869?
6869
List the prime factors of 7536.
2, 3, 157
What are the prime factors of 2049?
3, 683
What are the prime factors of 862?
2, 431
What are the prime factors of 2782?
2, 13, 107
What are the prime factors of 166037?
23, 7219
What are the prime factors of 1015?
5, 7, 29
List the prime factors of 9200.
2, 5, 23
What are the prime factors of 16694?
2, 17, 491
What are the prime factors of 41?
41
List the prime factors of 66532.
2, 16633
List the prime factors of 66133.
41, 1613
List the prime factors of 13475.
5, 7, 11
List the prime factors of 186509.
41, 4549
What are the prime factors of 1114?
2, 557
List the prime factors of 13841.
13841
What are the prime factors of 752?
2, 47
List the prime factors of 811.
811
List the prime factors of 142511.
17, 83, 101
List the prime factors of 660.
2, 3, 5, 11
List the prime factors of 11644.
2, 41, 71
What are the prime factors of 3438?
2, 3, 191
List the prime factors of 715.
5, 11, 13
List the prime factors of 40675.
5, 1627
List the prime factors of 59169.
3, 11, 163
What are the prime factors of 11902?
2, 11, 541
List the prime factors of 36158.
2, 101, 179
List the prime factors of 1795.
5, 359
What are the prime factors of 8821?
8821
List the prime factors of 8260.
2, 5, 7, 59
What are the prime factors of 2815?
5, 563
List the prime factors of 2947.
7, 421
What are the prime factors of 14357?
7, 293
What are the prime factors of 23564?
2, 43, 137
What are the prime factors of 248?
2, 31
List the prime factors of 4638.
2, 3, 773
List the prime factors of 3373.
3373
List the prime factors of 42914.
2, 43, 499
What are the prime factors of 259?
7, 37
List the prime factors of 28927.
28927
List the prime factors of 1840.
2, 5, 23
What are the prime factors of 5756?
2, 1439
What are the prime factors of 5002?
2, 41, 61
List the prime factors of 46003.
179, 257
List the prime factors of 1420.
2, 5, 71
What are the prime factors of 3108?
2, 3, 7, 37
What are the prime factors of 4535?
5, 907
What are the prime factors of 339?
3, 113
List the prime factors of 1098.
2, 3, 61
What are the prime factors of 404?
2, 101
List the prime factors of 35948.
2, 11, 19, 43
What are the prime factors of 6613?
17, 389
List the prime factors of 1374.
2, 3, 229
What are the prime factors of 78046?
2, 39023
List the prime factors of 44553.
3, 14851
What are the prime factors of 6675?
3, 5, 89
List the prime factors of 5407.
5407
What are the prime factors of 1394?
2, 17, 41
What are the prime factors of 13104?
2, 3, 7, 13
What are the prime factors of 27087?
3, 9029
What are the prime factors of 539?
7, 11
What are the prime factors of 8328?
2, 3, 347
What are the prime factors of 6093?
3, 677
List the prime factors of 26759.
26759
What are the prime factors of 4996?
2, 1249
List the prime factors of 1275.
3, 5, 17
List the prime factors of 31917.
3, 10639
List the prime factors of 3435.
3, 5, 229
List the prime factors of 31409.
7, 641
What are the prime factors of 645?
3, 5, 43
List the prime factors of 86062.
2, 37, 1163
List the prime factors of 240.
2, 3, 5
List the prime factors of 579.
3, 193
What are the prime factors of 29863?
29863
What are the prime factors of 9399?
3, 13, 241
What are the prime factors of 3648?
2, 3, 19
What are the prime factors of 41159?
79, 521
What are the prime factors of 20431?
20431
What are the prime factors of 3060?
2, 3, 5, 17
What are the prime factors of 2282?
2, 7, 163
What are the prime factors of 75729?
3, 25243
What are the prime factors of 1456?
2, 7, 13
List the prime factors of 54794.
2, 27397
What are the prime factors of 15924?
2, 3, 1327
List the prime factors of 2627.
37, 71
What are the prime factors of 5816?
2, 727
What are the prime factors of 103525?
5, 41, 101
List the prime factors of 3391.
3391
List the prime factors of 15430.
2, 5, 1543
What are the prime factors of 2812?
2, 19, 37
List the prime factors of 145.
5, 29
What are the prime factors of 2009?
7, 41
What are the prime factors of 6004?
2, 19, 79
List the prime factors of 70057.
13, 17, 317
List the prime factors of 22381.
22381
What are the prime factors of 9036?
2, 3, 251
What are the prime factors of 5122?
2, 13, 197
What are the prime factors of 10663?
10663
What are the prime factors of 3930?
2, 3, 5, 131
List the prime factors of 4235.
5, 7, 11
What are the prime factors of 531?
3, 59
List the prime factors of 2987.
29, 103
What are the prime factors of 3254?
2, 1627
What are the prime factors of 4446?
2, 3, 13, 19
What are the prime factors of 2568?
2, 3, 107
List the prime factors of 176.
2, 11
What are the prime factors of 6715?
5, 17, 79
What are the prime factors of 1280?
2, 5
What are the prime factors of 48084?
2, 3, 4007
List the prime factors of 5076.
2, 3, 47
What are the prime factors of 40?
2, 5
List the prime factors of 85.
5, 17
What are the prime factors of 504?
2, 3, 7
List the prime factors of 8245.
5, 17, 97
List the prime factors of 16141.
16141
What are the prime factors of 5659?
5659
List the prime factors of 18265.
5, 13, 281
What are the prime factors of 995?
5, 199
What are the prime factors of 44960?
2, 5, 281
List the prime factors of 6835.
5, 1367
What are the prime factors of 1586?
2, 13, 61
What are the prime factors of 2033?
19, 107
List the prime factors of 1154.
2, 577
List the prime factors of 47720.
2, 5, 1193
What are the prime factors of 3521?
7, 503
List the prime factors of 38069.
38069
List the 